= 3*c + 3*v, -2*c = -4*v - 12. Suppose 3*q = -q + c. What is the units digit of q?
2
Let i = -4 + 6. Let f = 1 + i. Suppose -f*p - p + 8 = 0. What is the units digit of p?
2
Let m(h) = 2*h**3 - 2*h**2 - 9*h + 1. What is the hundreds digit of m(5)?
1
Let x be (1 + 1)/((-32)/(-656)). Let o = x - 9. What is the units digit of o?
2
What is the tens digit of ((-3)/3*46)/(-1)?
4
Suppose 3*z - 7 = 2. Suppose -q - z = -4. What is the units digit of -5*(-2 + 0 + q)?
5
Suppose 0*w + 2*w - 66 = -3*l, -4*l = -5*w - 65. What is the units digit of l?
0
Suppose 0 = -5*c - 20, -2*x - 5*c - 16 = -0*x. Suppose -96 = -2*h - h. Suppose -d - h = -4*d + 5*n, x*d + 5*n = -12. What is the units digit of d?
4
Let n(u) = -2*u**2 + 4*u - 1. Let g be n(3). Let x = g - -15. Let a = x - -2. What is the tens digit of a?
1
What is the tens digit of 615/20 + 6/(-8)?
3
Let q = -1 - -4. Let u = q + 4. What is the units digit of u?
7
What is the tens digit of (-1)/((-8)/(-220))*-6?
6
What is the units digit of 22/55 + 36/10?
4
Let w(m) = m**2 - 11*m + 23. What is the units digit of w(16)?
3
Let i = -11 + 15. Suppose -5*g + 24 = 4*k - 0*k, i*g + k = 17. Let t = g - 2. What is the units digit of t?
2
Suppose -5*b = -3*b - 8. Suppose -18 = -b*q + 2*q. What is the units digit of q?
9
What is the tens digit of -18*1*(3 + -4)?
1
Let q be 98/10 + (-1)/(-5). Suppose 3*u + 4*r - q = 2*u, 2*u = 2*r. Let m = 4 - u. What is the units digit of m?
2
Suppose 0 = -2*j - 5*w + 14, -3*w + 20 = 2*j - w. Suppose -j*z + 35 = -7*z. What is the units digit of z?
7
What is the tens digit of 225/(-50)*(19 + -1)*-2?
6
Let q(c) = 4*c - 3. Let p be q(7). Suppose 0 = x - p + 5. Let f = -13 + x. What is the units digit of f?
7
Let s be 6/7*(11 - 4). Let d = 0 + s. What is the units digit of d?
6
Let v(g) = 28*g**3 - g**2 + g - 1. Let f be v(1). Suppose 5*n - 58 - f = 0. Suppose 0 = 5*r + 2*a - 34, -3*r + 2*a + n = -13. What is the units digit of r?
8
Suppose o - 3 + 1 = 0. Suppose -5*v + 175 = h, 180 = 5*v - 0*h + o*h. What is the units digit of v?
4
Let j(f) = -f**2 + 6*f + 5. Let s(m) = 0*m**2 - 2 + 3*m + m**2 + 4. Let t be s(-4). What is the units digit of j(t)?
5
Let o(n) = -3 - 2*n - n - 7 + 2*n. Let d be o(-8). Let w(g) = -g**3 - 2*g**2 - 2*g + 1. What is the units digit of w(d)?
5
What is the units digit of (-12)/(-42) + 822/14?
9
Suppose -45*v + 44 = -44*v. What is the units digit of v?
4
Let k = -30 + 65. Suppose 15 = 5*c - k. What is the tens digit of c?
1
Let h(u) = 8*u**2 + 11*u + 12. What is the tens digit of h(-7)?
2
Let r(l) = 25*l**2 - 5*l + 6. What is the units digit of r(2)?
6
Let k be ((-1)/2)/(5/20). Let t = k + 5. Suppose -t*y + 30 = -33. What is the units digit of y?
1
Let k be 1 - (1 + 2)/3. Suppose n + 5*w - 3 = 2*w, k = -2*n + 3*w + 15. What is the units digit of 10/6 - n/9?
1
What is the tens digit of 23/2 - (-6)/(-4)?
1
Suppose -2*y - 29 = -3*y - a, 0 = -5*y + 2*a + 159. Let w = y + -19. What is the units digit of w?
2
Suppose -4*m - 85 = -25. Let g be 87/m + (-2)/10. Let c(o) = o**3 + 7*o**2 + 5*o + 4. What is the units digit of c(g)?
0
Suppose 0 = 11*d - 5*d - 420. What is the tens digit of d?
7
Let p(t) = -t**3 - 4*t**2 - 4*t - 3. Let q be p(-3). Suppose -5*d - 2 - 8 = q. What is the tens digit of (d/2)/(1/(-11))?
1
Let o(g) = 2*g - 4. Let t be o(3). Suppose -4*k - 8 = -t*n, -4*k + 3*k + 1 = n. What is the units digit of n?
2
Let z = -23 - -120. What is the units digit of z?
7
Suppose -y - 4*y + 150 = 0. What is the units digit of y?
0
Suppose t + 2*t = 0. Suppose b - 22 - 1 = t. What is the tens digit of b?
2
Let l be (-30)/6*12/(-5). What is the units digit of 3/12 - (-81)/l?
7
What is the hundreds digit of (3 - -5)/2 - (-176)/1?
1
Suppose 2*z - 3*c - 19 = 0, -z - 2*z = 3*c - 51. Let t be (z/4 + -2)*6. Suppose -h + 0*h + t = 0. What is the units digit of h?
9
Let d(x) = x**3 - x. Let k be d(-2). Let h(z) = -z - 1. Let c be h(k). Suppose 0 = 5*s + c - 0, 2*i - 4*s = 8. What is the units digit of i?
2
What is the units digit of (5 + -8)*(-16)/6?
8
What is the tens digit of (3 - 0/3)*1140/18?
9
Let t(g) = 4*g**2. Let m be t(1). Suppose 3*f + 4*b - 8 = -f, -m*b + 8 = 5*f. Suppose 6*x - x + 2*c - 14 = f, -4*c = 4*x - 4. What is the units digit of x?
4
Suppose -5*j - 2*l - 8 = -j, l = 2*j. Let u(q) = -36*q - 1. What is the tens digit of u(j)?
3
Suppose -8*j - 36 = -2*w - 12*j, 3*w = -4*j + 58. What is the units digit of w?
2
Let n = -26 + 46. Suppose n = 4*z + z. What is the units digit of z?
4
Let g be ((-3)/(-2))/((-9)/(-24)). Suppose -8 = g*v, -4*p - 6*v + v = -10. What is the units digit of p?
5
Let i(j) = -j**3 + 7*j**2 - 2*j. Let h be i(6). Let k = -16 + h. Suppose -7 = -4*f - 5*q + k, 5 = -5*q. What is the units digit of f?
5
Let m = -96 + 118. What is the tens digit of m?
2
Let c be ((-1)/3 + 0)*-21. Let m = c - 7. Let h = m + 2. What is the units digit of h?
2
Suppose -5*p - i = -p, -5*p + 5*i - 25 = 0. What is the units digit of p - 1 - (-4)/1?
2
Let s = -8 + 12. Suppose 0 = s*a + a + 15. What is the units digit of (-2 - a) + -2 - -10?
9
What is the tens digit of (10/15)/(2/111)?
3
Suppose -5*a + 96 = -a. What is the units digit of a?
4
Let p be 1/(-2) - (-21)/2. Let i = -14 + p. What is the units digit of ((-16)/12)/(i/6)?
2
Suppose -n = 4*s + 12, 0 = 4*n - s - 20. Suppose 0 = n*k - 2*d - 48, 0*k + 5*k - 60 = 5*d. What is the units digit of k?
2
Suppose 0 = 5*f + 10, o + 4*f - 2*f + 2 = 0. Suppose 3*k = -o + 17. What is the units digit of k?
5
Let d = 17 - 12. Suppose 0*i + 2*q - 81 = -5*i, 77 = d*i + 4*q. What is the tens digit of i?
1
Let i be (3 - (-2 - 23)) + 2. Let x = -18 + i. What is the tens digit of x?
1
Let a(s) = 2*s + 19. Let n be a(-14). What is the units digit of (9/6)/(n/(-186))?
1
Let g(d) = 4*d. Let c be g(-2). Let f = -13 - -33. Let h = f + c. What is the tens digit of h?
1
Let n(j) be the first derivative of j**4/4 + j**2/2 + 4*j - 3. Let h be n(-3). Let w = h - -36. What is the tens digit of w?
1
Suppose -3*b = -m + 8, -9 = 2*m + 3*b - 4*b. Let t = m + 3. What is the units digit of (-26)/t + (-1)/2?
6
Let b = 65 + -40. Suppose -4*k = k - b. Suppose 31 + 19 = k*j. What is the units digit of j?
0
Let c(x) = 6*x**2 + 3*x + 10. Let q be c(-6). Suppose 4*u - 8*u + q = 0. What is the tens digit of u?
5
Suppose -423 + 9 = -6*z. What is the tens digit of z?
6
Suppose -2*m = -9 - 11. Let z = m - 2. What is the units digit of z?
8
Suppose -4*r + 169 - 1 = 0. What is the tens digit of r?
4
Let r = 197 + -149. What is the tens digit of r?
4
Suppose -3*c = -c + 6. What is the units digit of (11/4)/(c/(-12))?
1
Let z(m) = -2*m + 2 - m + 2*m. Let s be z(0). Suppose -s*h = -3 - 11. What is the units digit of h?
7
Let a(h) = -76*h + 5. What is the tens digit of a(-1)?
8
Let u(c) = -c**3 + 6*c**2 - 7. Let z be u(6). Suppose -4*q + 27 = 2*o + 99, -3*o = 3*q + 60. Let d = z - q. What is the units digit of d?
9
What is the tens digit of 0 - 4/3*-15?
2
Suppose -v = -6 + 4. Suppose -21 = 5*y - v*s + 3, 4*s = 3*y + 6. What is the units digit of 2/y + (-4)/(-3)?
1
Suppose -793 = -5*v - 4*f, -4*v + 277 + 382 = -5*f. What is the tens digit of v?
6
Suppose y = -4*r + 21, 2*r + 0*y + 3*y - 13 = 0. Let o = r - -26. What is the units digit of o?
1
Let d be (-125)/(-2) - (-4)/8. What is the tens digit of (d/(-9))/(2/(-6))?
2
Let u = -19 + 22. Suppose u*p - 8*p + 50 = 0. What is the units digit of p?
0
Let r(q) = 8*q**2 + 2*q. What is the tens digit of r(6)?
0
Suppose -m + x = -29, 5*m - 146 = m - 2*x. What is the tens digit of m?
3
Let t = -1 + -2. Let m be (6/4)/(t/80). Let i = -28 - m. What is the tens digit of i?
1
Let l = -340 - -540. What is the hundreds digit of l?
2
Let q(m) = -m**3 + 5*m**2 - 2*m - 2. Let p be q(3). Suppose n - 75 = -4*n. Let c = n - p. What is the units digit of c?
5
Suppose 0 = 3*y + 7*y - 150. What is the units digit of y?
5
Let g(w) = -w**2 - 6*w + 2. Let f = -8 + 11. Suppose 0 = -2*k + 4*l - 12, f*k = -k - 4*l - 24. What is the units digit of g(k)?
2
Let c(q) = -q**3 - 8*q**2 + q - 8. Let g be c(-7). Let o = -30 - g. Suppose u + o = 5*s, -2*u + 10 = s + 2*s. What is the units digit of s?
6
Suppose 5*u - n = 203, 6*u + 5*n - 65 = 4*u. What is the tens digit of u?
4
Suppose -3*b + 0*b = 5*i - 69, -i - 15 = -b. What is the units digit of b?
8
Suppose 3